late the highest common divisor of v and 7.
7
Let v(n) be the first derivative of 2*n**2 + 4*n - 9. Let x be v(4). What is the greatest common divisor of x and 180?
20
Suppose 23 = 4*d - t, 4*d - 8 - 21 = -5*t. Suppose 3*k - 5*k = -d. Let b(h) = h**2 - 11*h + 3. Let l be b(12). What is the highest common factor of k and l?
3
Let a(f) = 2*f**2 + 50*f + 83. Let q be a(-24). Calculate the greatest common factor of q and 147.
7
Suppose 0*l + 2*l = 3*u - 436, 0 = 3*u - 3*l - 438. Let m = u - 74. What is the highest common divisor of 10 and m?
10
Suppose 2 = s - 2. Suppose s*d + i + 27 = 92, 66 = 3*d - 5*i. What is the greatest common factor of 136 and d?
17
Let w be 14*(-11)/(77/(-4)). Calculate the highest common divisor of w and 56.
8
Let z = 604 + -541. What is the greatest common factor of 27 and z?
9
Let l(p) = -4*p + 1. Let i(f) = f + 1. Let x(q) = 6*i(q) - 6*l(q). Let v be x(3). Let b = v - 50. Calculate the greatest common divisor of b and 20.
20
Let f(d) = d**3 + 9*d**2 + 11*d + 5. Let x be f(-4). Suppose -4*y + x = 3*w, -3*w + 8 = 5*y - 44. What is the highest common factor of 55 and y?
11
Let n(q) = -12 + 3*q + 360*q**2 - 15*q - 358*q**2. Let o be n(9). Calculate the greatest common divisor of o and 14.
14
Let u be -8 - 12/(-3) - -33. Suppose -m + 89 - u = 0. Suppose 5*i - m - 25 = 0. Calculate the greatest common factor of 17 and i.
17
Let l(s) = -38*s - 458. Let x be l(-13). Let m(z) = -2*z**3 - 2*z**2 + 2*z. Let n be m(-2). Calculate the highest common divisor of n and x.
4
Let m(v) = 2*v**2 + 6*v - 3. Let s be m(4). Suppose -3*k + b + s = 0, 4*b - 40 = -0*k - 2*k. What is the highest common factor of k and 6?
6
Let h(y) = -14*y - 4. Suppose -3 - 8 = i + 2*c, 5*i - 4*c = -27. Let n be h(i). Let m be 1*n + (-4 - -6). Calculate the highest common divisor of m and 12.
12
Suppose -3*k - 127 = -2527. What is the greatest common factor of k and 32?
32
Let m = 1118 + -1029. What is the greatest common factor of m and 178?
89
Let w(g) = -12*g**2 + g - 1. Let m be w(1). Let y be ((-124)/m - -3)*3. Suppose 3*d = -12, 5*d = 3*z + 2*z - y. What is the greatest common factor of 32 and z?
4
Let i(v) = 79*v**3 - v**2. Let p = 0 + 1. Let l be i(p). Let k = l + -33. Calculate the greatest common factor of 15 and k.
15
Suppose -2*c = 11 + 21. Let h = 29 + c. Suppose 109 = m + s, 0 = 2*m - m + 3*s - 119. What is the greatest common divisor of m and h?
13
Let q(r) = r + 5. Let i be q(-13). Let k be (-7 - i)/(2/4). Suppose k*y = 4*y + c - 257, 516 = 4*y + 4*c. What is the greatest common factor of 16 and y?
16
Let c = 3 - 1. Suppose -2*l + 2*d - 2 = 0, -4*l - 1 + 5 = -c*d. Suppose -m + 3*u = -30, l*u - 22 = -7. Calculate the greatest common divisor of 5 and m.
5
Let y be (405/(-3))/((-7)/7). What is the highest common factor of 378 and y?
27
Suppose -3*c + 4 = -c. Suppose -g - 89 = -2*t - c*g, -t + 47 = -2*g. Calculate the greatest common factor of t and 27.
9
Let c be ((-632)/(-14))/1 + 20/(-140). Suppose 2*k = 3*l + 33, -k + 3*l = -33 + 9. Calculate the greatest common divisor of k and c.
9
Let a(r) = -r**2 + 4*r + 13. Let g be a(6). Let w(q) = -2*q + 3. Let p be w(-4). What is the highest common factor of p and g?
1
Let y be (-2)/9 - (-160)/72. Suppose z = -y*z + 93. Let b = z - 25. Calculate the greatest common divisor of 66 and b.
6
Suppose 0 = 9*t - 4*t - 60. Calculate the highest common divisor of 78 and t.
6
Let d = -131 + 236. Suppose d = 2*g + 5*m, -2*g + 135 = -m - 0*m. What is the highest common divisor of g and 5?
5
Suppose 295*w = 155*w + 8820. Suppose 3*r + 4*q - 74 = 0, -5*q + 21 = -4. What is the highest common factor of r and w?
9
Suppose -28 = 9*t - 226. Suppose -66 = -0*i - 2*i. Calculate the highest common divisor of t and i.
11
Suppose 10*r = 12 + 168. What is the highest common divisor of 42 and r?
6
Suppose -41*l + 27832 = 30*l. What is the highest common divisor of 490 and l?
98
Let p(r) = -r**2 - 33*r - 8. Let m be p(-9). Calculate the greatest common divisor of m and 16.
16
Let v(o) be the third derivative of 3*o**2 + 1/10*o**5 + 0*o - 1/6*o**4 + 0*o**3 + 0. Let c be v(3). Calculate the highest common divisor of 6 and c.
6
Let h = 19 - -25. Suppose 0 = -8*t + 12*t - 416. Let g = -38 + t. What is the highest common factor of g and h?
22
Suppose -3*b - 64 + 7 = 0. Let p = 35 + b. What is the greatest common factor of p and 4?
4
Let d = -299 + 331. Suppose -5*h = -w - 244, 2*h + 3*w + 0*w = 84. Calculate the greatest common divisor of h and d.
16
Suppose -2*v - 25*v + 2592 = 0. Suppose 5*k - 56 = 24. Calculate the greatest common divisor of k and v.
16
Suppose 48 = -c + 4*c. Suppose 2*i - 4*o = -i + 9, 3*o = 2*i - 7. Let k be (-9)/i*c/12. Calculate the greatest common factor of 132 and k.
12
Let u be 26/13*((-399)/(-6))/7. What is the greatest common divisor of u and 3914?
19
Let n be -3 - 5/(5/(-3)). Let w be 9 - 5 - n/1. Suppose 0*q = -w*q + 572. Calculate the greatest common factor of 13 and q.
13
Suppose -3*o + 2*y = -30 - 19, -3*y = 3*o - 69. Let h(n) = -35*n - 1. Let v be h(-6). Calculate the greatest common factor of o and v.
19
Let j(l) = 4*l + 5. Let w(z) = 4*z + 5. Let r(t) = 5*j(t) - 6*w(t). Let v = -531 - -527. Let p be r(v). Calculate the highest common factor of p and 1.
1
Suppose s = 3*n - 4*s + 7, 0 = 2*n - s. Let i = n + 10. Calculate the greatest common factor of i and 11.
11
Let z be ((-2)/3)/(10/(-1170)). Let b(c) = 8*c**3 - 4*c**2 + 2*c. Let x be b(2). Calculate the highest common factor of z and x.
26
Let b = -5 - -49. Let u = -35 + b. What is the highest common factor of u and 54?
9
Let i = 650 + -460. What is the greatest common divisor of i and 30?
10
Let a = -1192 + 2207. What is the highest common factor of 35 and a?
35
Suppose -1590 = -8*v - 534. Calculate the greatest common factor of 308 and v.
44
Suppose -5*o + 3*n = -127 + 29, -20 = -5*n. What is the greatest common factor of o and 11?
11
Let l = 30 + -9. Let c be 2/(-9) + (-130)/(-18). Calculate the greatest common divisor of l and c.
7
Let r(b) = -2*b**2 - 2*b**3 + 9*b**2 - b + 7*b + 3*b**3 + 15. Let z be r(-6). Let h be (-3)/(z/24 + -1). What is the highest common factor of 88 and h?
8
Suppose i + 9*i = 20. What is the highest common divisor of 4 and i?
2
Let k be (-223)/(-5) - (-2)/5. Suppose 8*a - 30 = 3*a - 5*g, 0 = -5*a + 4*g - 6. Let b = a + 16. Calculate the greatest common factor of k and b.
9
Suppose -y + 2*h - 11 = -31, 3*y = -3*h + 69. Suppose -685 = -8*r + 723. Calculate the greatest common divisor of r and y.
22
Let i(l) = -l**3 - 2*l. Let u be -1 - (-4 - 9/(-3)). Let k be i(u). Suppose 0 = 3*z - k*z - 9. Calculate the highest common divisor of z and 3.
3
Suppose -7*f = -533 - 195. Let m be (4*-1)/((-16)/f). What is the greatest common divisor of m and 2?
2
Let m = 520 - 288. Let z = 1105 + -1076. What is the greatest common divisor of z and m?
29
Suppose -4*d = -2*p - 3*p + 5, 0 = 5*d + p - 30. Suppose 3*w = 3*o - 42, -w = d*o - 5*w - 66. Calculate the highest common factor of o and 40.
10
Suppose -51*i + 56 = -44*i. Let z(n) = n**2 + n - 2. Let w be z(2). Calculate the highest common factor of w and i.
4
Suppose 4*q = p + 516, -16 = -2*q + p + 240. Calculate the highest common divisor of 10 and q.
10
Let p be ((-602)/(-215))/((-1)/(-15)*1). What is the greatest common divisor of p and 140?
14
Let z(u) = -2*u**3 - 38*u**2 - 3*u - 26. Let h be z(-19). Calculate the highest common divisor of h and 1984.
31
Suppose 10 = 5*f, -4*q + f + 174 = 2*f. Calculate the greatest common divisor of q and 1591.
43
Let d(k) = -k**2 - 3*k + 2. Let v be d(-5). Let b = 5 + v. Let h be 1/(b/6) + 44. What is the highest common factor of 6 and h?
6
Let b(m) = -7*m + 197. Let k be b(27). Calculate the highest common divisor of 488 and k.
8
Let t be -4*3/(-12)*7. Let m = 4 - t. Let p(i) = 6*i**2 + 4*i + 3. Let x be p(m). Calculate the highest common factor of 9 and x.
9
Suppose 220*q - 616 = 192*q. Calculate the greatest common divisor of q and 1298.
22
Let w = 102 + -100. Suppose -w*n - 9*n = -22. Calculate the greatest common divisor of n and 6.
2
Let o = 2 + 13. Suppose -q - q = -20. Let z be 154/q + 4/(-10). What is the highest common divisor of z and o?
15
Let w = 25 - 19. What is the highest common divisor of w and 54?
6
Let p = 33 + -34. Let a be 